r when 13451 is divided by 448.
11
What is the remainder when 1091 is divided by 53?
31
What is the remainder when 306804 is divided by 102265?
9
What is the remainder when 3116 is divided by 512?
44
Calculate the remainder when 186 is divided by 19.
15
Calculate the remainder when 714925 is divided by 2383.
25
What is the remainder when 2777 is divided by 681?
53
Calculate the remainder when 166287 is divided by 67.
60
What is the remainder when 10396 is divided by 299?
230
Calculate the remainder when 39677 is divided by 124.
121
Calculate the remainder when 197475 is divided by 870.
855
What is the remainder when 4566 is divided by 384?
342
Calculate the remainder when 1015267 is divided by 1960.
1947
Calculate the remainder when 466568 is divided by 26.
24
Calculate the remainder when 862 is divided by 21.
1
What is the remainder when 49788 is divided by 7111?
11
What is the remainder when 80181 is divided by 486?
477
What is the remainder when 96492 is divided by 96475?
17
What is the remainder when 106398 is divided by 224?
222
Calculate the remainder when 47720 is divided by 446.
444
Calculate the remainder when 976 is divided by 466.
44
What is the remainder when 8707 is divided by 75?
7
Calculate the remainder when 884 is divided by 307.
270
What is the remainder when 636974 is divided by 127?
69
What is the remainder when 83404 is divided by 5956?
20
Calculate the remainder when 593 is divided by 76.
61
What is the remainder when 13766 is divided by 222?
2
Calculate the remainder when 106738 is divided by 87.
76
Calculate the remainder when 18214 is divided by 1502.
190
What is the remainder when 19513 is divided by 1221?
1198
Calculate the remainder when 2484 is divided by 37.
5
Calculate the remainder when 310 is divided by 43.
9
Calculate the remainder when 95437 is divided by 15881.
151
What is the remainder when 21099 is divided by 725?
74
What is the remainder when 19296 is divided by 918?
18
What is the remainder when 516286 is divided by 19?
18
What is the remainder when 10845 is divided by 457?
334
What is the remainder when 400528 is divided by 169?
167
What is the remainder when 4129 is divided by 359?
180
Calculate the remainder when 114164 is divided by 92.
84
Calculate the remainder when 61749 is divided by 36.
9
Calculate the remainder when 8203 is divided by 315.
13
What is the remainder when 2893 is divided by 52?
33
What is the remainder when 943 is divided by 838?
105
What is the remainder when 27092 is divided by 387?
2
What is the remainder when 147801 is divided by 37?
23
What is the remainder when 92036 is divided by 50?
36
Calculate the remainder when 35686 is divided by 360.
46
What is the remainder when 288909 is divided by 1876?
5
What is the remainder when 2663116 is divided by 665777?
8
What is the remainder when 9164 is divided by 436?
8
What is the remainder when 114540 is divided by 13?
10
What is the remainder when 986 is divided by 122?
10
What is the remainder when 14625 is divided by 69?
66
Calculate the remainder when 493 is divided by 241.
11
What is the remainder when 41007 is divided by 10238?
55
What is the remainder when 114942 is divided by 83?
70
What is the remainder when 1787859 is divided by 1519?
1515
Calculate the remainder when 118 is divided by 69.
49
Calculate the remainder when 4858 is divided by 921.
253
What is the remainder when 540595 is divided by 68?
63
What is the remainder when 51659 is divided by 210?
209
What is the remainder when 469 is divided by 108?
37
What is the remainder when 17595 is divided by 102?
51
Calculate the remainder when 138380 is divided by 180.
140
What is the remainder when 831117 is divided by 125?
117
Calculate the remainder when 16851 is divided by 60.
51
What is the remainder when 2686 is divided by 57?
7
Calculate the remainder when 1912 is divided by 666.
580
Calculate the remainder when 8982 is divided by 44.
6
What is the remainder when 10771 is divided by 602?
537
What is the remainder when 7577 is divided by 63?
17
What is the remainder when 584742 is divided by 18?
12
Calculate the remainder when 590 is divided by 54.
50
What is the remainder when 951129 is divided by 1014?
1011
Calculate the remainder when 165 is divided by 100.
65
What is the remainder when 1995 is divided by 195?
45
Calculate the remainder when 218159 is divided by 1059.
5
What is the remainder when 3460 is divided by 1705?
50
Calculate the remainder when 1287042 is divided by 183.
3
Calculate the remainder when 143369 is divided by 20480.
9
What is the remainder when 985 is divided by 315?
40
Calculate the remainder when 89189 is divided by 554.
549
Calculate the remainder when 9091 is divided by 501.
73
What is the remainder when 1581923 is divided by 1215?
1208
Calculate the remainder when 15243110 is divided by 2223.
2222
What is the remainder when 93262 is divided by 348?
346
What is the remainder when 72920 is divided by 10?
0
What is the remainder when 525 is divided by 281?
244
What is the remainder when 132270 is divided by 453?
447
Calculate the remainder when 82360 is divided by 23.
20
What is the remainder when 45989 is divided by 126?
125
What is the remainder when 664098 is divided by 116?
114
Calculate the remainder when 860413 is divided by 32.
29
What is the remainder when 8302 is divided by 109?
18
Calculate the remainder when 79192 is divided by 134.
132
Calculate the remainder when 7099783 is divided by 15.
13
Calculate the remainder when 1949 is divided by 11.
2
Calculate the remainder when 105655 is divided by 35217.
4
Calculate the remainder when 5033 is divided by 717.
14
Calculate the remainder when 6877 is divided by 6873.
4
Calculate the remainder when 3622 is divided by 1057.
451
Calculate the remainder when 8443 is divided by 2043.
271
What is the remainder when 682183 is divided by 73?
71
What is the remainder when 7908 is divided by 882?
852
Calculate the remainder when 25442 is divided by 5087.
7
Calculate the remainder when 33677 is divided by 8118.
1205
What is the remainder when 1160146 is divided by 271?
266
What is the remainder when 4976 is divided by 395?
236
Calculate the remainder when 4679 is divided by 153.
89
Calculate the remainder when 42532 is divided by 46.
28
What is the remainder when 47146 is divided by 39?
34
Calculate the remainder when 523797 is divided by 150.
147
Calculate the remainder when 14309 is divided by 7149.
11
What is the remainder when 468782 is divided by 138?
134
Calculate the remainder when 538 is divided by 446.
92
Calculate the remainder when 2854 is divided by 74.
42
What is the remainder when 50332 is divided by 95?
77
What is the remainder when 286672 is divided by 3723?
1
Calculate the remainder when 58379 is divided by 29166.
47
Calculate the remainder when 1218099 is divided by 43.
38
Calculate the remainder when 5477624 is divided by 9.
8
Calculate the remainder when 16602 is divided by 136.
10
What is the remainder when 1779622 is divided by 108?
106
Calculate the remainder when 596892 is divided by 149.
147
Calculate the remainder when 3640 is divided by 886.
96
Calculate the remainder when 4821 is divided by 608.
565
What is the remainder when 133365 is divided by 13?
11
Calculate the remainder when 5570 is divided by 266.
250
What is the remainder when 5287797 is divided by 600?
597
Calculate the remainder when 8808 is divided by 75.
33
What is the remainder when 312 is divided by 20?
12
What is the remainder when 7160 is divided by 202?
90
What is the remainder when 26395 is divided by 150?
145
What is the remainder when 4308 is divided by 123?
3
Calculate the remainder when 4989 is divided by 1510.
459
What is the remainder when 208 is divided by 32?
16
Calculate the remainder when 282329 is divided by 11762.
41
Calculate the remainder when 19089 is divided by 172.
169
What is the remainder when 269374 is divided by 9?
4
Calculate the remainder when 9629 is divided by 1904.
109
What is the remainder when 78002 is divided by 151?
86
What is the remainder when 122190 is divided by 35?
5
What is the remainder when 5581 is divided by 1857?
10
Calculate the remainder when 27267 is divided by 1878.
975
Calculate the remainder when 999019 is divided by 16.
11
What is the remainder when 544